{"id":44,"date":"2020-04-07T14:47:49","date_gmt":"2020-04-07T12:47:49","guid":{"rendered":"http:\/\/proces.lofficial.com\/Elancourt\/?page_id=44"},"modified":"2020-04-07T18:49:16","modified_gmt":"2020-04-07T16:49:16","slug":"presse","status":"publish","type":"page","link":"https:\/\/proces.lofficial.com\/Elancourt\/presse\/","title":{"rendered":"Presse"},"content":{"rendered":"\n<p class=\"has-text-color has-background has-yellow-color has-primary-background-color\"><strong><em>Quelques r\u00e9f\u00e9rences d\u2019articles de presse\u2026<\/em><\/strong><\/p>\n\n\n\n<figure class=\"wp-block-image size-large is-resized\"><img loading=\"lazy\" decoding=\"async\" src=\"http:\/\/proces.lofficial.com\/Elancourt\/wp-content\/uploads\/2020\/04\/Presse.png\" alt=\"\" class=\"wp-image-115\" width=\"222\" height=\"222\" srcset=\"https:\/\/proces.lofficial.com\/Elancourt\/wp-content\/uploads\/2020\/04\/Presse.png 568w, https:\/\/proces.lofficial.com\/Elancourt\/wp-content\/uploads\/2020\/04\/Presse-300x300.png 300w, https:\/\/proces.lofficial.com\/Elancourt\/wp-content\/uploads\/2020\/04\/Presse-150x150.png 150w, https:\/\/proces.lofficial.com\/Elancourt\/wp-content\/uploads\/2020\/04\/Presse-100x100.png 100w\" sizes=\"auto, (max-width: 222px) 100vw, 222px\" \/><\/figure>\n\n\n\n<p>Lib\u00e9ration : 30 octobre 1998, 4 avril 2000<br>Le Monde : 9 octobre 1998, 1er\/2 novembre 1998, 10 mai 2000<br>Les Echos : 3 d\u00e9cembre 1998<br>Le Figaro : 25 mai 1999<br>L\u2019\u00e9v\u00e8nement du jeudi : 15\/21 octobre 1998<br>Le Parisien \u00e9dition Yvelines : 19 d\u00e9cembre 1998, 31 octobre 1998, 24 F\u00e9vrier 2000, 30 Mars 2000, 1er Mars 2001<\/p>\n\n\n\n<p>et aussi : Netsurf, Le Virus Informatique, SVM, L\u2019Ordinateur individuel, Multimedium, ZDNet, Echom\u00e9dia, Transfert.Net, l\u2019Observatoire des T\u00e9l\u00e9coms, InternatActu, NetLocal, Juriscom, Cabinet Breese, Internet juridique, JuriLine, Bruxelles Matin, PCNewsUSA, Quebec-One, US-Computer, Cambridge University, \u2026<\/p>\n","protected":false},"excerpt":{"rendered":"<p>Quelques r\u00e9f\u00e9rences d\u2019articles de presse\u2026 Lib\u00e9ration : 30 octobre 1998, 4 avril 2000Le Monde : 9 octobre 1998, 1er\/2 novembre 1998, 10 mai 2000Les Echos : 3 d\u00e9cembre 1998Le Figaro : 25 mai 1999L\u2019\u00e9v\u00e8nement du jeudi : 15\/21 octobre 1998Le Parisien \u00e9dition Yvelines : 19 d\u00e9cembre 1998, 31 octobre 1998, 24 F\u00e9vrier 2000, 30 Mars &hellip; <\/p>\n<p class=\"link-more\"><a href=\"https:\/\/proces.lofficial.com\/Elancourt\/presse\/\" class=\"more-link\">Continuer la lecture<span class=\"screen-reader-text\"> de &laquo;&nbsp;Presse&nbsp;&raquo;<\/span><\/a><\/p>\n","protected":false},"author":1,"featured_media":0,"parent":0,"menu_order":0,"comment_status":"closed","ping_status":"closed","template":"","meta":{"footnotes":""},"class_list":["post-44","page","type-page","status-publish","hentry"],"_links":{"self":[{"href":"https:\/\/proces.lofficial.com\/Elancourt\/wp-json\/wp\/v2\/pages\/44","targetHints":{"allow":["GET"]}}],"collection":[{"href":"https:\/\/proces.lofficial.com\/Elancourt\/wp-json\/wp\/v2\/pages"}],"about":[{"href":"https:\/\/proces.lofficial.com\/Elancourt\/wp-json\/wp\/v2\/types\/page"}],"author":[{"embeddable":true,"href":"https:\/\/proces.lofficial.com\/Elancourt\/wp-json\/wp\/v2\/users\/1"}],"replies":[{"embeddable":true,"href":"https:\/\/proces.lofficial.com\/Elancourt\/wp-json\/wp\/v2\/comments?post=44"}],"version-history":[{"count":2,"href":"https:\/\/proces.lofficial.com\/Elancourt\/wp-json\/wp\/v2\/pages\/44\/revisions"}],"predecessor-version":[{"id":116,"href":"https:\/\/proces.lofficial.com\/Elancourt\/wp-json\/wp\/v2\/pages\/44\/revisions\/116"}],"wp:attachment":[{"href":"https:\/\/proces.lofficial.com\/Elancourt\/wp-json\/wp\/v2\/media?parent=44"}],"curies":[{"name":"wp","href":"https:\/\/api.w.org\/{rel}","templated":true}]}}

<p class="has-text-color has-background has-yellow-color has-primary-background-color"><strong><em>Quelques références d’articles de presse…</em></strong></p>



<figure class="wp-block-image size-large is-resized"><img loading="lazy" decoding="async" src="http://proces.lofficial.com/Elancourt/wp-content/uploads/2020/04/Presse.png" alt="" class="wp-image-115" width="222" height="222" srcset="https://proces.lofficial.com/Elancourt/wp-content/uploads/2020/04/Presse.png 568w, https://proces.lofficial.com/Elancourt/wp-content/uploads/2020/04/Presse-300x300.png 300w, https://proces.lofficial.com/Elancourt/wp-content/uploads/2020/04/Presse-150x150.png 150w, https://proces.lofficial.com/Elancourt/wp-content/uploads/2020/04/Presse-100x100.png 100w" sizes="auto, (max-width: 222px) 100vw, 222px" /></figure>



<p>Libération : 30 octobre 1998, 4 avril 2000<br>Le Monde : 9 octobre 1998, 1er/2 novembre 1998, 10 mai 2000<br>Les Echos : 3 décembre 1998<br>Le Figaro : 25 mai 1999<br>L’évènement du jeudi : 15/21 octobre 1998<br>Le Parisien édition Yvelines : 19 décembre 1998, 31 octobre 1998, 24 Février 2000, 30 Mars 2000, 1er Mars 2001</p>



<p>et aussi : Netsurf, Le Virus Informatique, SVM, L’Ordinateur individuel, Multimedium, ZDNet, Echomédia, Transfert.Net, l’Observatoire des Télécoms, InternatActu, NetLocal, Juriscom, Cabinet Breese, Internet juridique, JuriLine, Bruxelles Matin, PCNewsUSA, Quebec-One, US-Computer, Cambridge University, …</p>

<p>Quelques références d’articles de presse… Libération : 30 octobre 1998, 4 avril 2000Le Monde : 9 octobre 1998, 1er/2 novembre 1998, 10 mai 2000Les Echos : 3 décembre 1998Le Figaro : 25 mai 1999L’évènement du jeudi : 15/21 octobre 1998Le Parisien édition Yvelines : 19 décembre 1998, 31 octobre 1998, 24 Février 2000, 30 Mars &hellip; </p>
<p class="link-more"><a href="https://proces.lofficial.com/Elancourt/presse/" class="more-link">Continuer la lecture<span class="screen-reader-text"> de &laquo;&nbsp;Presse&nbsp;&raquo;</span></a></p>
